{"id":287,"date":"2017-12-20T15:40:13","date_gmt":"2017-12-20T15:40:13","guid":{"rendered":"http:\/\/festival-der-hoffnung-2018.ev-allianz-braunschweig.de\/?page_id=287"},"modified":"2019-11-07T14:37:36","modified_gmt":"2019-11-07T14:37:36","slug":"kontakt","status":"publish","type":"page","link":"https:\/\/festival-der-hoffnung-bs.de\/?page_id=287","title":{"rendered":"Kontakt"},"content":{"rendered":"<p>Das Festival der Hoffnung ist eine Initiative der Evangelischen Allianz Braunschweig (EAB). Die EAB ist ein Netzwerk aus verschiedenen christlichen Kirchen und Werken der Stadt.<\/p>\n<p>Im Mittelpunkt steht dabei das Engagement f\u00fcr die Stadt Braunschweig. Die EAB sieht christliche Werte und den christlichen Glauben als Bereicherung f\u00fcr ein gelingendes gesellschaftliches Miteinander.<\/p>\n<p>Einer dieser Werte ist die Liebe zum N\u00e4chsten. Das Festival der Hoffnung soll diese Liebe erlebbar machen. Alle Mitarbeiter stehen hinter dem Gebot Jesu, den N\u00e4chsten zu lieben wie sich selbst. (Matth\u00e4usevangelium 22,37-39) Mit diesem Anspruch wollen wir eine Atmosph\u00e4re schaffen, in der sich jeder angenommen und wohl f\u00fchlt.<\/p>\n<p>Unsere Wertsch\u00e4tzung dr\u00fccken wir auch dadurch aus, dass sich jeder Besucher \u00fcber Gott, Bibel, Glauben und Gebet informieren kann \u2013 in der Form und Intensit\u00e4t wie er oder sie es m\u00f6chte. Entsprechend wollen wir die Angebote des Festivals gestalten.<\/p>\n<p>Mehr \u00fcber die EAB finden Sie <a href=\"http:\/\/ev-allianz-braunschweig.de\/?page_id=2\" target=\"_blank\" rel=\"noopener\">hier<\/a>.<\/p>\n<p>&nbsp;<\/p>\n<p><strong>Hier finden Sie die entsprechenden Links zu den Webseiten der Gemeinden:<\/strong><\/p>\n<p><span style=\"color: #993366;\"><a style=\"color: #993366;\" href=\"http:\/\/braunschweig.adventist.eu\/\" target=\"_blank\" rel=\"noopener\">Adventgemeinde<\/a><\/span><\/p>\n<p><span style=\"color: #993366;\"><a style=\"color: #993366;\" href=\"http:\/\/www.bs-friedenskirche.de\/\" target=\"_blank\" rel=\"noopener\">Braunschweiger Friedenskirche<\/a><\/span><\/p>\n<p><span style=\"color: #993366;\"><a style=\"color: #993366;\" href=\"http:\/\/www.christuszentrum-bs.de\/\" target=\"_blank\" rel=\"noopener\">Christuszentrum Braunschweig<\/a><\/span><\/p>\n<p><span style=\"color: #993366;\"><a style=\"color: #993366;\" href=\"http:\/\/www.cvjm-braunschweig.de\/\" target=\"_blank\" rel=\"noopener\">CVJM Braunschweig<\/a><\/span><\/p>\n<p><span style=\"color: #993366;\"><a style=\"color: #993366;\" href=\"http:\/\/www.ecclesia-bs.de\" target=\"_blank\" rel=\"noopener\">Ecclesia- Gemeinde- Braunschweig<\/a><\/span><\/p>\n<p><span style=\"color: #993366;\"><a style=\"color: #993366;\" href=\"http:\/\/fbgg-bs.de\" target=\"_blank\" rel=\"noopener\">Evangelische Freikirche Querum<\/a><\/span><\/p>\n<p><span style=\"color: #993366;\"><a style=\"color: #993366;\" href=\"https:\/\/smdbraunschweig.weebly.com\/\" target=\"_blank\" rel=\"noopener\">Hochschul-SMD Braunschweig<\/a><\/span><\/p>\n<p><span style=\"color: #993366;\"><a style=\"color: #993366;\" href=\"http:\/\/www.lkgbs.de\" target=\"_blank\" rel=\"noopener\">Landeskirchliche Gemeinschaft<\/a><\/span><\/p>\n<p><span style=\"color: #993366;\"><a style=\"color: #993366;\" href=\"http:\/\/www.citychurch-bs.de\/\" target=\"_blank\" rel=\"noopener\">CityChurch Braunschweig<\/a><\/span><\/p>\n<p><span style=\"color: #993366;\"><a style=\"color: #993366;\" href=\"http:\/\/www.stephanus-online.de\/\" target=\"_blank\" rel=\"noopener\">Ev.-Freik. Stephanus-Gemeinde<\/a><b><\/b><\/span><\/p>\n<p><span style=\"color: #993366;\"><a style=\"color: #993366;\" href=\"http:\/\/www.dbg-bs.de\/\" target=\"_blank\" rel=\"noopener\">LIFE &amp; HOPE Church Braunschweig<\/a><\/span><\/p>\n<p><span style=\"color: #993366;\"><a style=\"color: #993366;\" href=\"http:\/\/www.mittelpunkt-bs.de\/\" target=\"_blank\" rel=\"noopener\">Evangelische Freikirche Mittelpunkt<\/a><\/span><\/p>\n<p><span style=\"color: #993366;\"><a style=\"color: #993366;\" href=\"http:\/\/bsconnexxion.weebly.com\/\" target=\"_blank\" rel=\"noopener\">Connexxion Braunschweig<\/a><\/span><\/p>\n<p><span style=\"color: #993366;\"><a style=\"color: #993366;\" href=\"http:\/\/www.bsconnect.de\/\" target=\"_blank\" rel=\"noopener\">EFG Braunschweig Connect<\/a><\/span><\/p>\n<p><span style=\"color: #993366;\"><a style=\"color: #993366;\" href=\"https:\/\/www.christianhopechurchbraunschweig.com\/\" target=\"_blank\" rel=\"noopener\">Christian Hope Church Braunschweig<\/a><\/span><\/p>\n<p><span style=\"color: #993366;\"><a style=\"color: #993366;\" href=\"http:\/\/www.atlas.emk.de\/index.php?id=emk_braunschweig\" target=\"_blank\" rel=\"noopener\">Evangelisch-methodistische Kirche<\/a><\/span><\/p>\n<p><span style=\"color: #993366;\"><a style=\"color: #993366;\" href=\"https:\/\/www.kirche-geitelde.de\" target=\"_blank\" rel=\"noopener\">Pfarrverband Geitelde, Leiferde und Stiddien<\/a><\/span><\/p>\n<p>&nbsp;<\/p>\n<p>&nbsp;<\/p>\n<p>Den 1. Vorsitz der Evangelischen Allianz Braunschweig hat zurzeit Robert Lau. Sie erreichen ihn \u00fcber die Mailadresse <span style=\"color: #993366;\">rdlau[at]web.de<\/span><\/p>\n<p><a href=\"http:\/\/ev-allianz-braunschweig\/wp-content\/uploads\/2015\/07\/Foto-Robert.jpg\" rel=\"attachment wp-att-607\"><img decoding=\"async\" loading=\"lazy\" class=\"alignleft wp-image-607 size-full\" src=\"http:\/\/ev-allianz-braunschweig.de\/wp-content\/uploads\/2015\/07\/Foto-Robert.jpg\" alt=\"Foto Robert\" width=\"152\" height=\"202\" \/><\/a><\/p>\n","protected":false},"excerpt":{"rendered":"<p>Das Festival der Hoffnung ist eine Initiative der Evangelischen Allianz Braunschweig (EAB). Die EAB ist ein Netzwerk aus verschiedenen christlichen Kirchen und Werken der Stadt. Im Mittelpunkt steht dabei das Engagement f\u00fcr die Stadt Braunschweig. Die EAB sieht christliche Werte und den christlichen Glauben als Bereicherung f\u00fcr ein gelingendes gesellschaftliches Miteinander. Einer dieser Werte ist&hellip; <br \/> <a class=\"button small blue\" href=\"https:\/\/festival-der-hoffnung-bs.de\/?page_id=287\">Weiterlesen<\/a><\/p>\n","protected":false},"author":3,"featured_media":0,"parent":0,"menu_order":0,"comment_status":"closed","ping_status":"closed","template":"","meta":[],"featured_image_urls":{},"_links":{"self":[{"href":"https:\/\/festival-der-hoffnung-bs.de\/index.php?rest_route=\/wp\/v2\/pages\/287"}],"collection":[{"href":"https:\/\/festival-der-hoffnung-bs.de\/index.php?rest_route=\/wp\/v2\/pages"}],"about":[{"href":"https:\/\/festival-der-hoffnung-bs.de\/index.php?rest_route=\/wp\/v2\/types\/page"}],"author":[{"embeddable":true,"href":"https:\/\/festival-der-hoffnung-bs.de\/index.php?rest_route=\/wp\/v2\/users\/3"}],"replies":[{"embeddable":true,"href":"https:\/\/festival-der-hoffnung-bs.de\/index.php?rest_route=%2Fwp%2Fv2%2Fcomments&post=287"}],"version-history":[{"count":10,"href":"https:\/\/festival-der-hoffnung-bs.de\/index.php?rest_route=\/wp\/v2\/pages\/287\/revisions"}],"predecessor-version":[{"id":2040,"href":"https:\/\/festival-der-hoffnung-bs.de\/index.php?rest_route=\/wp\/v2\/pages\/287\/revisions\/2040"}],"wp:attachment":[{"href":"https:\/\/festival-der-hoffnung-bs.de\/index.php?rest_route=%2Fwp%2Fv2%2Fmedia&parent=287"}],"curies":[{"name":"wp","href":"https:\/\/api.w.org\/{rel}","templated":true}]}}

<p>Das Festival der Hoffnung ist eine Initiative der Evangelischen Allianz Braunschweig (EAB). Die EAB ist ein Netzwerk aus verschiedenen christlichen Kirchen und Werken der Stadt.</p>
<p>Im Mittelpunkt steht dabei das Engagement für die Stadt Braunschweig. Die EAB sieht christliche Werte und den christlichen Glauben als Bereicherung für ein gelingendes gesellschaftliches Miteinander.</p>
<p>Einer dieser Werte ist die Liebe zum Nächsten. Das Festival der Hoffnung soll diese Liebe erlebbar machen. Alle Mitarbeiter stehen hinter dem Gebot Jesu, den Nächsten zu lieben wie sich selbst. (Matthäusevangelium 22,37-39) Mit diesem Anspruch wollen wir eine Atmosphäre schaffen, in der sich jeder angenommen und wohl fühlt.</p>
<p>Unsere Wertschätzung drücken wir auch dadurch aus, dass sich jeder Besucher über Gott, Bibel, Glauben und Gebet informieren kann – in der Form und Intensität wie er oder sie es möchte. Entsprechend wollen wir die Angebote des Festivals gestalten.</p>
<p>Mehr über die EAB finden Sie <a href="http://ev-allianz-braunschweig.de/?page_id=2" target="_blank" rel="noopener">hier</a>.</p>
<p>&nbsp;</p>
<p><strong>Hier finden Sie die entsprechenden Links zu den Webseiten der Gemeinden:</strong></p>
<p><span style="color: #993366;"><a style="color: #993366;" href="http://braunschweig.adventist.eu/" target="_blank" rel="noopener">Adventgemeinde</a></span></p>
<p><span style="color: #993366;"><a style="color: #993366;" href="http://www.bs-friedenskirche.de/" target="_blank" rel="noopener">Braunschweiger Friedenskirche</a></span></p>
<p><span style="color: #993366;"><a style="color: #993366;" href="http://www.christuszentrum-bs.de/" target="_blank" rel="noopener">Christuszentrum Braunschweig</a></span></p>
<p><span style="color: #993366;"><a style="color: #993366;" href="http://www.cvjm-braunschweig.de/" target="_blank" rel="noopener">CVJM Braunschweig</a></span></p>
<p><span style="color: #993366;"><a style="color: #993366;" href="http://www.ecclesia-bs.de" target="_blank" rel="noopener">Ecclesia- Gemeinde- Braunschweig</a></span></p>
<p><span style="color: #993366;"><a style="color: #993366;" href="http://fbgg-bs.de" target="_blank" rel="noopener">Evangelische Freikirche Querum</a></span></p>
<p><span style="color: #993366;"><a style="color: #993366;" href="https://smdbraunschweig.weebly.com/" target="_blank" rel="noopener">Hochschul-SMD Braunschweig</a></span></p>
<p><span style="color: #993366;"><a style="color: #993366;" href="http://www.lkgbs.de" target="_blank" rel="noopener">Landeskirchliche Gemeinschaft</a></span></p>
<p><span style="color: #993366;"><a style="color: #993366;" href="http://www.citychurch-bs.de/" target="_blank" rel="noopener">CityChurch Braunschweig</a></span></p>
<p><span style="color: #993366;"><a style="color: #993366;" href="http://www.stephanus-online.de/" target="_blank" rel="noopener">Ev.-Freik. Stephanus-Gemeinde</a><b></b></span></p>
<p><span style="color: #993366;"><a style="color: #993366;" href="http://www.dbg-bs.de/" target="_blank" rel="noopener">LIFE &amp; HOPE Church Braunschweig</a></span></p>
<p><span style="color: #993366;"><a style="color: #993366;" href="http://www.mittelpunkt-bs.de/" target="_blank" rel="noopener">Evangelische Freikirche Mittelpunkt</a></span></p>
<p><span style="color: #993366;"><a style="color: #993366;" href="http://bsconnexxion.weebly.com/" target="_blank" rel="noopener">Connexxion Braunschweig</a></span></p>
<p><span style="color: #993366;"><a style="color: #993366;" href="http://www.bsconnect.de/" target="_blank" rel="noopener">EFG Braunschweig Connect</a></span></p>
<p><span style="color: #993366;"><a style="color: #993366;" href="https://www.christianhopechurchbraunschweig.com/" target="_blank" rel="noopener">Christian Hope Church Braunschweig</a></span></p>
<p><span style="color: #993366;"><a style="color: #993366;" href="http://www.atlas.emk.de/index.php?id=emk_braunschweig" target="_blank" rel="noopener">Evangelisch-methodistische Kirche</a></span></p>
<p><span style="color: #993366;"><a style="color: #993366;" href="https://www.kirche-geitelde.de" target="_blank" rel="noopener">Pfarrverband Geitelde, Leiferde und Stiddien</a></span></p>
<p>&nbsp;</p>
<p>&nbsp;</p>
<p>Den 1. Vorsitz der Evangelischen Allianz Braunschweig hat zurzeit Robert Lau. Sie erreichen ihn über die Mailadresse <span style="color: #993366;">rdlau[at]web.de</span></p>
<p><a href="http://ev-allianz-braunschweig/wp-content/uploads/2015/07/Foto-Robert.jpg" rel="attachment wp-att-607"><img decoding="async" loading="lazy" class="alignleft wp-image-607 size-full" src="http://ev-allianz-braunschweig.de/wp-content/uploads/2015/07/Foto-Robert.jpg" alt="Foto Robert" width="152" height="202" /></a></p>

<p>Das Festival der Hoffnung ist eine Initiative der Evangelischen Allianz Braunschweig (EAB). Die EAB ist ein Netzwerk aus verschiedenen christlichen Kirchen und Werken der Stadt. Im Mittelpunkt steht dabei das Engagement für die Stadt Braunschweig. Die EAB sieht christliche Werte und den christlichen Glauben als Bereicherung für ein gelingendes gesellschaftliches Miteinander. Einer dieser Werte ist&hellip; <br /> <a class="button small blue" href="https://festival-der-hoffnung-bs.de/?page_id=287">Weiterlesen</a></p>
